?
130
Calculate the remainder when 20067 is divided by 30.
27
What is the remainder when 1220 is divided by 302?
12
Calculate the remainder when 99 is divided by 36.
27
What is the remainder when 46 is divided by 18?
10
Calculate the remainder when 83 is divided by 3.
2
Calculate the remainder when 1895 is divided by 8.
7
Calculate the remainder when 1113 is divided by 93.
90
What is the remainder when 395 is divided by 63?
17
Calculate the remainder when 88 is divided by 31.
26
What is the remainder when 142 is divided by 49?
44
Calculate the remainder when 799 is divided by 80.
79
What is the remainder when 5696 is divided by 19?
15
Calculate the remainder when 105 is divided by 22.
17
Calculate the remainder when 757 is divided by 109.
103
What is the remainder when 1046 is divided by 398?
250
Calculate the remainder when 245 is divided by 10.
5
What is the remainder when 148 is divided by 6?
4
What is the remainder when 224 is divided by 166?
58
Calculate the remainder when 720 is divided by 178.
8
Calculate the remainder when 413 is divided by 32.
29
What is the remainder when 462 is divided by 422?
40
Calculate the remainder when 793 is divided by 85.
28
Calculate the remainder when 14252 is divided by 88.
84
What is the remainder when 1183 is divided by 130?
13
What is the remainder when 14007 is divided by 17?
16
Calculate the remainder when 146 is divided by 17.
10
Calculate the remainder when 94 is divided by 27.
13
What is the remainder when 136 is divided by 35?
31
What is the remainder when 300 is divided by 16?
12
Calculate the remainder when 1198 is divided by 80.
78
What is the remainder when 191 is divided by 66?
59
Calculate the remainder when 728 is divided by 188.
164
What is the remainder when 147 is divided by 11?
4
What is the remainder when 3719 is divided by 31?
30
Calculate the remainder when 47 is divided by 12.
11
What is the remainder when 588 is divided by 46?
36
Calculate the remainder when 6182 is divided by 221.
215
Calculate the remainder when 140 is divided by 54.
32
What is the remainder when 198 is divided by 73?
52
What is the remainder when 1854 is divided by 35?
34
What is the remainder when 72 is divided by 21?
9
Calculate the remainder when 356 is divided by 21.
20
Calculate the remainder when 290 is divided by 56.
10
Calculate the remainder when 364 is divided by 74.
68
Calculate the remainder when 192 is divided by 95.
2
What is the remainder when 1280 is divided by 107?
103
What is the remainder when 476 is divided by 159?
158
Calculate the remainder when 1298 is divided by 20.
18
What is the remainder when 2347 is divided by 193?
31
What is the remainder when 1087 is divided by 10?
7
What is the remainder when 263 is divided by 80?
23
What is the remainder when 651 is divided by 218?
215
What is the remainder when 2371 is divided by 55?
6
Calculate the remainder when 216 is divided by 4.
0
Calculate the remainder when 32 is divided by 3.
2
What is the remainder when 520 is divided by 17?
10
Calculate the remainder when 82 is divided by 6.
4
What is the remainder when 129 is divided by 44?
41
What is the remainder when 93 is divided by 23?
1
Calculate the remainder when 1521 is divided by 182.
65
Calculate the remainder when 663 is divided by 114.
93
Calculate the remainder when 9991 is divided by 38.
35
What is the remainder when 12449 is divided by 415?
414
What is the remainder when 330 is divided by 114?
102
Calculate the remainder when 9514 is divided by 156.
154
Calculate the remainder when 16303 is divided by 16.
15
What is the remainder when 474 is divided by 39?
6
What is the remainder when 62 is divided by 13?
10
Calculate the remainder when 1325 is divided by 56.
37
What is the remainder when 147 is divided by 14?
7
What is the remainder when 234 is divided by 116?
2
What is the remainder when 2068 is divided by 46?
44
What is the remainder when 140 is divided by 13?
10
What is the remainder when 2160 is divided by 21?
18
What is the remainder when 8059 is divided by 36?
31
Calculate the remainder when 59 is divided by 16.
11
What is the remainder when 3409 is divided by 31?
30
Calculate the remainder when 69 is divided by 14.
13
Calculate the remainder when 316 is divided by 20.
16
Calculate the remainder when 222 is divided by 75.
72
Calculate the remainder when 142 is divided by 9.
7
What is the remainder when 433 is divided by 62?
61
What is the remainder when 1004 is divided by 137?
45
Calculate the remainder when 570 is divided by 73.
59
Calculate the remainder when 153 is divided by 82.
71
What is the remainder when 449 is divided by 90?
89
What is the remainder when 1525 is divided by 228?
157
Calculate the remainder when 623 is divided by 11.
7
What is the remainder when 415 is divided by 108?
91
Calculate the remainder when 104 is divided by 31.
11
Calculate the remainder when 156 is divided by 42.
30
What is the remainder when 225 is divided by 6?
3
Calculate the remainder when 194 is divided by 44.
18
Calculate the remainder when 470 is divided by 160.
150
What is the remainder when 389 is divided by 30?
29
Calculate the remainder when 7081 is divided by 28.
25
Calculate the remainder when 262 is divided by 69.
55
What is the remainder when 1648 is divided by 30?
28
What is the remainder when 1881 is divided by 233?
17
What is the remainder when 150 is divided by 38?
36
Calculate the remainder when 142 is divided by 37.
31
What is the remainder when 113 is divided by 51?
11
Calculate the remainder when 171 is divided by 33.
6
Calculate the remainder when 2242 is divided by 283.
261
Calculate the remainder when 187 is divided by 55.
22
What is the remainder when 140 is divided by 19?
7
Calculate the remainder when 538 is divided by 11.
10
What is the remainder when 1325 is divided by 78?
77
What is the remainder when 252 is divided by 1?
0
What is the remainder when 7168 is divided by 24?
16
Calculate the remainder when 490 is divided by 12.
10
Calculate the remainder when 170 is divided by 32.
10
What is the remainder when 5485 is divided by 13?
12
What is the remainder when 188 is divided by 102?
86
What is the remainder when 2999 is divided by 30?
29
Calculate the remainder when 734 is divided by 46.
44
Calculate the remainder when 52 is divided by 16.
4
What is the remainder when 2100 is divided by 1049?
2
Calculate the remainder when 321 is divided by 18.
15
What is the remainder when 1171 is divided by 564?
43
Calculate the remainder when 497 is divided by 493.
4
What is the remainder when 158 is divided by 7?
4
Calculate the remainder when 415 is divided by 412.
3
Calculate the remainder when 357 is divided by 73.
65
Calculate the remainder when 292 is divided by 14.
12
Calculate the remainder when 345 is divided by 28.
9
Calculate the remainder when 266 is divided by 5.
1
Calculate the remainder when 175 is divided by 58.
1
What is the remainder when 5986 is divided by 2983?
20
What is the remainder when 608 is divided by 12?
8
Calculate the remainder when 421 is divided by 131.
28
What is the remainder when 30 is divided by 18?
12
Calculate the remainder when 235 is divided by 10.
5
Calculate the remainder when 76 is divided by 4.
0
What is the remainder when 676 is divided by 10?
6
Calculate the remainder when 202 is divided by 76.
50
What is the remainder when 46 is divided by 9?
1
What is the remainder when 242 is divided by 86?
70
Calculate the remainder when 1569 is divided by 11.
7
Calculate the remainder when 135 is divided by 23.
20
What is the remainder when 1690 is divided by 18?
16
Calculate the remainder when 127 is divided by 33.
28
What is the remainder when 294 is divided by 143?
8
Calculate the remainder when 684 is divided by 49.
47
What is the remainder when 364 is divided by 73?
72
What is the remainder when 141 is divided by 12?
9
What is the remainder when 562 is divided by 274?
14
Calculate the remainder when 214 is divided by 205.
9
Calculate the remainder when 1347 is divided by 13.
8
Calculate the remainder when 27492 is divided by 9.
6
What is the remainder when 2368 is divided by 34?
22
Calculate the remainder when 8114 is divided by 2701.
11
What is the remainder when 303 is divided by 73?
11
What is the remainder when 200 is divided by